culate k(-5).
5
Let i(r) = -r + 9. Let m(v) = -3. Let x(k) = -4*i(k) - 11*m(k). What is x(6)?
21
Let f(p) = -p**3 + 5*p**2 - 2. Let b be (-2 - 1)/(1/(-1)). Let h = -16 + 16. Suppose h*a + 15 = b*a. Calculate f(a).
-2
Suppose 4*k + 4*o + 8 = 0, -11 = -5*k + 2*o - 0*o. Let c be 3 - (-1 - -2)/k. Let z(l) = -3*l + 6*l - 2*l + 3*l**c - 1 + l**3. Calculate z(-3).
-4
Let a(b) = -2*b + 3. Let x(k) = -k + 5. Let t be x(6). Let d(y) = -y + 1. Let h be d(t). Suppose -2*w - h*z + 4 = 0, -5*w + z + 13 = -3*w. Calculate a(w).
-7
Let o(t) = -2*t**2 + 2*t + 0*t - t**3 + 2*t**3 - t. Suppose 0 = -2*j - 3*z - 7, -j - 4*z - 10 = j. What is o(j)?
0
Let b be 1 - (-1 + 0/(-1)). Let p(r) be the third derivative of -r**5/60 + r**4/12 + r**3/6 - 11*r**2 - 4. Calculate p(b).
1
Suppose d = -4*u - 0*u + 12, 5*u = 5*d + 15. Let p(c) be the third derivative of -1/6*c**4 + c**2 + 0 + 0*c + 1/6*c**u. Calculate p(-1).
5
Let u = -11 - -16. Let g(z) be the first derivative of -z**6/360 + z**5/24 - 5*z**4/24 + 2*z**3/3 - 3. Let j(q) be the third derivative of g(q). What is j(u)?
-5
Let l(p) be the third derivative of -p**5/60 - 7*p**4/24 - 5*p**3/6 - p**2. Let s = 19 - 24. What is l(s)?
5
Let k(l) = l**3 + 7*l**2 + 2*l + 14. Let b be k(-7). Let o(p) be the first derivative of -1/3*p**3 + 0*p**2 - 1 - 3*p. Give o(b).
-3
Let u(c) = -2*c - 5. Let w(a) = -4*a - 10. Let s(j) = -5*u(j) + 2*w(j). Let i = -6 + 0. Let y be 3/(-2) - (-21)/i. Determine s(y).
-5
Suppose 10 = -3*n + 5*n. Let w(k) = -3 + 0 + 4 - n*k. Calculate w(1).
-4
Let b(f) = 7*f - 1 - f**2 - 4 + 0. Let k = 2 - 2. Let x be 5/(k - (1 + -2)). What is b(x)?
5
Let v be (-1 - -2)*(1 + -1). Let t = v + 2. Let s(h) = t*h + 1 - 3*h - 3. Give s(2).
-4
Let b(n) = -4*n + 1. Let u(z) = -2 + z + 3 - 6*z + 0. Let w(a) = -4*b(a) + 3*u(a). What is w(-5)?
-6
Let f(o) = 3 - 11*o - 2*o**2 + 4*o**2 + 9*o - 3*o**2. Give f(2).
-5
Let x(v) = -7*v**2 + 7*v + 13. Let z(y) = 4*y**2 - 4*y - 7. Let g(j) = 3*x(j) + 5*z(j). Determine g(0).
4
Let k(y) = -11*y**2 + 17*y + 15. Let b(x) = 5*x**2 - 8*x - 7. Let q(j) = -13*b(j) - 6*k(j). Let v = 250 + -252. What is q(v)?
1
Let r(q) = -q**3 - 12*q**2 + 8*q + 13. Let n(x) = -2*x**3 - 25*x**2 + 17*x + 27. Let d(y) = -6*n(y) + 13*r(y). What is d(-6)?
-5
Let r(n) = 2*n - 2. Let y be (9/(-6))/(3/4). Give r(y).
-6
Let f(l) = 9*l - 13. Let n(c) = 12*c - 28. Let h(p) = -8*p + 19. Let q(r) = -7*h(r) - 5*n(r). Let a(s) = -3*f(s) - 7*q(s). Give a(5).
-5
Let h(n) = -n**2 + 2*n + 4. Let v be 2/(-6) - (-77)/(-21). Let a(f) = f**2 + 2*f - 5. Let y be a(v). Suppose y*j = 6*j - 9. Calculate h(j).
1
Let n(b) = -b - 2. Suppose u - 1 = 4*g - 0, 0 = -5*g - 5*u + 5. What is n(g)?
-2
Let b(q) be the second derivative of -q + 0 - 1/2*q**3 + 1/12*q**4 - 3/2*q**2. Suppose 1 = -5*u + 16. What is b(u)?
-3
Suppose 11*r = 14*r + 3. Let h = r + -4. Let n(v) = v**2 + 4*v. What is n(h)?
5
Let a = 42 - 41. Let k(p) be the first derivative of p**3/3 - p**2/2 + p - 1. Give k(a).
1
Suppose -75 = -5*m - 0*m. Let x be 2/(-8) + 84/16. Suppose -30 = -4*j - 5*c, 0*j - m = -5*j + x*c. Let q(t) = -t**3 + 6*t**2 - 6*t - 1. Calculate q(j).
-6
Let a(i) = -9*i**2 - 2. Let m(n) = -13*n**2 - 3. Let l(x) = 7*a(x) - 5*m(x). Give l(-1).
3
Let d(v) be the first derivative of 5*v**4/4 - 3*v**3 + 3*v**2/2 + 17*v + 3. Let b(y) = 2*y**3 - 3*y**2 + y + 6. Let w(g) = -8*b(g) + 3*d(g). What is w(-3)?
0
Let y(j) be the second derivative of -j**5/20 + 7*j**4/12 + j**3/3 - 7*j**2/2 - 13*j. Give y(7).
7
Let j(r) = -r**3 - 5*r**2 + 7*r + 1. Let k be j(-6). Let b(y) = -4*y - 5*y - 8 + 8*y. Calculate b(k).
-3
Let g(j) = -j**3 + 3*j**2 - 3*j + 1. Let y(f) = -f + 1. Let l be y(-1). What is g(l)?
-1
Let f(v) = v + 17. Let x be f(-12). Suppose -5*a + 25 = j, 3*j + x*a - 40 = -j. Let o(d) = d**2 - 6*d + 3. Calculate o(j).
-2
Let p(w) be the second derivative of -w**3/6 - 2*w**2 + 2*w. Let d be p(-6). Let i(l) be the first derivative of l**3/3 - l**2/2 + 2*l - 4. Calculate i(d).
4
Let q = 1 + -1. Suppose 3*m + 4 = 2*m - 3*y, q = -5*y - 15. Let w(v) = -v**3 + 5*v**2 + 2*v - 5. What is w(m)?
5
Suppose 3*o = 5*o - 3*u - 5, -u - 18 = -3*o. Let g(h) = h + 3. Let b(w) = 4*w + 10. Let y(m) = o*g(m) - 2*b(m). Determine y(-6).
7
Let n(c) be the third derivative of -c**5/60 - 3*c**4/8 + 5*c**3/6 + 11*c**2. Give n(-8).
13
Let h(n) = 7*n**2 + 11*n. Let f(b) = 3*b**2 + 5*b. Let v(l) = 9*f(l) - 4*h(l). Calculate v(2).
-2
Suppose 0 = -6*q + 3*q - 6, 2*z = -4*q. Let h be z*(2 + (-22)/8). Let c(r) = r**3 + 4*r**2 + 5*r + 2. Calculate c(h).
-4
Suppose 5*b - 17 - 10 = -f, 3*f = 5*b - 19. Let j be (-3)/2*(7 + -9). Let z(t) = -4*t - 5*t - j*t + 9*t. What is z(f)?
-6
Let r(o) be the second derivative of o**5/20 - 5*o**4/12 + o**3/2 - 3*o**2/2 - 8*o. Let g be (-90)/(-21) - 4/14. Calculate r(g).
-7
Let h(c) = 4*c**2 - 6*c - 9. Let m(i) = 3*i**2 - 4*i - 6. Let g(p) = -5*h(p) + 7*m(p). Suppose 0 = -17*w - 61 - 7. Give g(w).
11
Let z = 8 - 8. Let d(y) = 3 + 0*y - 2 - y + z*y. Determine d(-1).
2
Let n(k) = -3 + 3 + k. Let w(b) = -b - 1. Let h(u) = -2*u + 4. Let x(v) = -h(v) - 5*w(v). Let c(i) = 24*n(i) - 3*x(i). Give c(3).
6
Let c(x) be the third derivative of -x**6/120 + x**5/15 + 5*x**4/24 + x**3 - 5*x**2. Give c(5).
6
Let d(b) = 0 - 3*b**2 - 1 + 6*b + 2*b**2. Let y(a) = 2*a**2 + 4*a - 1. Let x be y(-4). Suppose 3 = -3*n + x. Give d(n).
7
Let s(d) = d**3 - d**2 - 3*d - 2. Let f(j) = -j**2 - j - 1. Let n(l) = -2*f(l) + s(l). What is n(1)?
1
Suppose 0 = -4*p + 2*r + 54, -60 = -5*p - 0*p - 5*r. Let y(o) = 2*o**2 + 13*o - 3*o**2 - p*o. Calculate y(0).
0
Let i(a) be the third derivative of 1/12*a**5 + 0 - 1/12*a**4 + 0*a - 1/6*a**3 - 3*a**2. What is i(-1)?
6
Suppose -4*i + 8 = 2*m, i + i - 3*m = 4. Let j(x) = i - 6*x - 2. Calculate j(-1).
6
Let r(v) be the first derivative of -1/3*v**3 + 6 + 7/2*v**2 + 6*v. Give r(6).
12
Let s(z) = -3*z**2 - z + 1. Let t be 1*(6 - 3) + -2. Calculate s(t).
-3
Let r(w) be the third derivative of -w**4/24 + 2*w**2. Suppose 0*v - 2*v + 32 = 0. Suppose 6 = -2*f + a, 0*f + 2*f + v = -4*a. What is r(f)?
4
Let s be (-1 - -1) + 2 - -29. Suppose 5*n + s = 1. Let o(f) = 17*f - 28*f + 12*f. Give o(n).
-6
Let j(s) = s - 1 + 2 - 2*s. Let w(i) = i**2 - 8*i + 9. Let c(p) = -2*p + 17. Let l be c(6). Let y(o) = l*j(o) - w(o). Determine y(3).
-4
Suppose -w + 3 = -4. Suppose 4*t + 9 = -w. Let r(x) = x**3 + 5*x**2 + 7*x + 5. Determine r(t).
-7
Let u(i) = -6*i**2 + 3*i + 2. Suppose 6*b - b = -10. Calculate u(b).
-28
Let s(w) = 5*w - 3. Suppose -2 = -4*p + 2*p, y - 3*p = 6. Let k(z) = 1 - 2 + z + 0. Let b(o) = y*k(o) - 2*s(o). What is b(3)?
-6
Let u(f) = 2*f - 31. Let o be u(17). Let d(x) = x**2 - x + 4. Determine d(o).
10
Let q(o) = -o**3 - 4*o**2 - 4*o - 1. Let a be q(-3). Let n be (0 + 5)*6/15. Let c(b) = -2 + 3 + 2*b**2 - n*b**2 - 3*b - a*b**2. Determine c(-3).
-8
Let t(y) = -y**3 - 3*y**2 - 10*y + 1. Let n(w) = -2*w**3 - 5*w**2 - 21*w + 3. Let f(c) = 4*n(c) - 9*t(c). Give f(-6).
3
Let v(s) = -3*s**2 + 4. Let r(j) = -3*j + 27. Let m be r(10). Calculate v(m).
-23
Let y(r) = -3*r - 46. Let g be y(-16). Let n(a) = a**2 - 1. What is n(g)?
3
Let l(p) = -4*p + 6. Let j(c) = -5*c + 6. Suppose 3*v + 15 = -0*v. Let a(s) = v*j(s) + 6*l(s). Give a(-6).
0
Let f(d) = 5 - 3 - 3*d + 4. Let x = -31 + 35. Give f(x).
-6
Let f(q) be the second derivative of -q**3/3 + 3*q**2/2 - 2*q. Calculate f(3).
-3
Let w(f) be the first derivative of 1/4*f**4 - 2*f + 0*f**3 - 1/2*f**2 - 2. Let a be w(2). Let v(m) = m. Determine v(a).
4
Let m(t) = -t**3 + 5*t**2 + t + 2. Let s be m(5). Let g(a) = 6*a - s*a + 8 - 3. Give g(4).
1
Let b be (-4)/6*6 - -2. Let l(a) = a**3 + a**2 + 5*a + 2. Let x(n) = 2*n**3 + 2*n**2 + 6*n + 2. Let w(r) = 4*l(r) - 3*x(r). What is w(b)?
6
Let q(d) = 16*d**2 - 9*d - 21. Let k(o) = -3*o**2 + 2*o + 4. Let m(t) = -11*k(t) - 2*q(t). What is m(-3)?
19
Suppose 16 = 2*f - q + 2*q, 2*f + 2*q = 20. Let z(r) = 3 - r - 2*r**3 - 3*r**2 - 3*r**3 - r + f*r**3. Determine z(3).
-3
Let o(k) = -k**2 - 4*k. Let v be o(-4). Let t(z) = -2 + z + 4 + 0. Give t(v).
2
Let t(a) = 2*a + 5. Suppose 3*v - 7 = -2*i, -v - 4*v + 3 = -i. Let h = v + 2. Let x = -7 + h. Calculate t(x).
-3
Let j(s) be the third derivative of -s**4/24 - 2*s**3/3 + 17*s**2. Give j(-8).
4
Suppose 0 = b - 4*b + 15. Let q(d) = -d**2 + 5*d + 2. What is q(b)?